highest common divisor of 416 and 141607128.
104
Calculate the highest common divisor of 60 and 16138380.
60
What is the greatest common divisor of 1195 and 326503875?
1195
Calculate the greatest common factor of 4136 and 538902.
94
Calculate the highest common divisor of 53482 and 229801.
143
What is the highest common factor of 1540 and 27174686?
154
Calculate the greatest common factor of 108 and 2259276.
12
Calculate the greatest common factor of 24664 and 11464.
8
Calculate the highest common divisor of 1701 and 34129998.
567
What is the highest common factor of 5511 and 7926822?
501
What is the highest common divisor of 1389857 and 3371991?
1477
Calculate the greatest common factor of 14647185 and 4445.
35
What is the highest common factor of 121 and 162645505?
11
Calculate the highest common factor of 644 and 207711.
7
What is the greatest common divisor of 54244 and 214684?
764
What is the greatest common divisor of 690150 and 9890?
430
What is the highest common divisor of 954 and 984210?
318
What is the highest common divisor of 3304 and 6889666?
826
What is the greatest common divisor of 728518833 and 1377?
459
Calculate the greatest common factor of 2437431 and 69.
3
Calculate the greatest common divisor of 15087 and 14375343.
321
What is the greatest common divisor of 36525 and 97378085?
2435
What is the greatest common factor of 2874 and 126019152?
2874
Calculate the greatest common divisor of 1423257 and 143616.
561
What is the highest common divisor of 764075 and 325?
325
What is the greatest common factor of 30451 and 44881?
37
What is the highest common divisor of 739 and 154208608?
739
Calculate the greatest common divisor of 4510 and 17340.
10
Calculate the greatest common divisor of 4999918 and 770.
154
Calculate the greatest common factor of 813 and 63082567.
271
What is the highest common divisor of 1656 and 194055876?
828
What is the greatest common factor of 3996656 and 29588?
2276
Calculate the highest common divisor of 2324510 and 30.
10
What is the greatest common divisor of 3620822190 and 30?
30
What is the highest common divisor of 7485 and 141461510?
2495
Calculate the highest common factor of 72 and 132111432.
72
Calculate the highest common divisor of 440573475 and 10102.
5051
What is the greatest common divisor of 16952 and 72632963?
2119
Calculate the greatest common divisor of 64026 and 2448.
18
Calculate the highest common divisor of 141427 and 48829.
253
Calculate the greatest common factor of 1200 and 1696272.
48
What is the highest common factor of 4335 and 15538085?
1445
Calculate the greatest common factor of 324 and 13137372.
36
What is the greatest common factor of 121954 and 24457678?
3934
Calculate the greatest common factor of 13503 and 18558909.
1929
What is the greatest common divisor of 39 and 371465055?
39
Calculate the highest common factor of 5536609 and 3549.
169
Calculate the highest common divisor of 14414 and 514.
2
Calculate the greatest common divisor of 74705397 and 14079.
741
Calculate the greatest common divisor of 91152 and 108135.
27
Calculate the greatest common divisor of 16 and 454040640.
16
What is the greatest common divisor of 6104609 and 868?
7
What is the highest common divisor of 419718248 and 49160?
9832
What is the highest common divisor of 452 and 15650500?
452
What is the greatest common divisor of 1125247 and 41888?
17
What is the greatest common divisor of 860 and 852820?
20
What is the highest common factor of 8019627 and 256578?
3129
Calculate the highest common factor of 1425 and 444885.
285
Calculate the highest common factor of 163460 and 1690.
10
Calculate the greatest common divisor of 127510240 and 400.
80
Calculate the highest common factor of 390640 and 3154.
38
What is the greatest common factor of 34271490 and 14025?
2805
What is the greatest common divisor of 516 and 18222324?
12
Calculate the highest common factor of 208775 and 525.
175
What is the highest common divisor of 530 and 7547518?
106
Calculate the greatest common factor of 1465 and 1613844.
293
What is the highest common divisor of 924 and 873411?
231
What is the greatest common factor of 55 and 7945311?
11
Calculate the highest common divisor of 17492733 and 5004.
1251
Calculate the highest common divisor of 266 and 126902482.
266
What is the highest common divisor of 2706672 and 6528?
816
Calculate the highest common factor of 28 and 594559840.
28
Calculate the greatest common divisor of 20090225 and 25.
25
Calculate the greatest common divisor of 120 and 4599260.
20
Calculate the highest common divisor of 50 and 261190.
10
What is the greatest common factor of 22411 and 233934?
307
Calculate the greatest common divisor of 2883660 and 270.
30
Calculate the highest common factor of 187 and 470348384.
187
What is the greatest common factor of 17017 and 60220069?
1547
What is the greatest common factor of 917 and 135646?
7
Calculate the highest common factor of 288563 and 74074.
407
What is the highest common factor of 36161838 and 606?
606
What is the highest common divisor of 203 and 2506267?
29
Calculate the greatest common factor of 1360 and 167705.
85
What is the highest common divisor of 32585 and 373870?
1715
What is the greatest common factor of 741384 and 79380?
252
What is the greatest common divisor of 129428 and 4888396?
9956
What is the greatest common factor of 582339 and 3?
3
Calculate the greatest common factor of 140 and 6076567.
7
Calculate the highest common divisor of 2536 and 88520.
8
Calculate the greatest common divisor of 1022420887 and 3814.
1907
Calculate the greatest common factor of 4140170 and 40.
10
Calculate the highest common factor of 1827 and 49624220.
29
Calculate the greatest common divisor of 236187 and 14181.
489
Calculate the greatest common factor of 3025900 and 600.
100
Calculate the greatest common factor of 17423 and 6517.
133
Calculate the greatest common divisor of 280 and 31719688.
56
Calculate the greatest common divisor of 3304488 and 32472.
264
What is the greatest common divisor of 13715 and 4001270?
65
Calculate the greatest common factor of 4527115 and 305.
305
Calculate the highest common divisor of 58056 and 207624.
984
Calculate the highest common divisor of 55101116 and 532.
28
Calculate the greatest common divisor of 1419 and 401162179.
473
What is the greatest common divisor of 33150 and 476?
34
Calculate the highest common divisor of 38804034 and 9694.
262
What is the highest common factor of 3751 and 533434?
11
Calculate the highest common factor of 5585818 and 2492.
1246
Calculate the highest common factor of 1078 and 5636078.
98
Calculate the greatest common factor of 779 and 2689.
1
What is the highest common divisor of 57968 and 960?
16
Calculate the highest common factor of 29619 and 18732.
3
What is the greatest common divisor of 8885048 and 80456?
712
What is the highest common divisor of 6375410 and 11336?
218
What is the highest common factor of 53944 and 112904?
88
Calculate the highest common factor of 628 and 19800526.
314
What is the highest common divisor of 1857 and 88679797?
619
Calculate the highest common divisor of 877 and 40225359.
877
What is the highest common divisor of 672 and 118514496?
96
What is the highest common divisor of 94777339 and 38?
19
What is the highest common factor of 60 and 31600440?
60
What is the highest common divisor of 294915 and 450?
15
Calculate the greatest common factor of 334840 and 10510932.
3044
Calculate the greatest common divisor of 1569 and 66906867.
1569
Calculate the greatest common factor of 114 and 28906505.
19
Calculate the greatest common divisor of 572 and 18326968.
44
Calculate the highest common factor of 493742 and 34600.
346
Calculate the greatest common factor of 241512792 and 44224.
5528
Calculate the greatest common divisor of 7143594 and 213.
213
Calculate the highest common factor of 263728 and 128.
16
Calculate the greatest common factor of 7208 and 586286.
106
Calculate the highest common divisor of 262322 and 806.
62
What is the highest common factor of 716 and 351876052?
716
Calculate the highest common factor of 17671415 and 170.
85
Calculate the greatest common divisor of 2370 and 225951850.
790
What is the highest common factor of 69454 and 17281?
11